me factors of 8445.
3, 5, 563
List the prime factors of 103527.
3, 11503
What are the prime factors of 19326?
2, 3, 3221
What are the prime factors of 35483?
7, 37, 137
List the prime factors of 116091.
3, 12899
List the prime factors of 2893.
11, 263
What are the prime factors of 732?
2, 3, 61
List the prime factors of 3351.
3, 1117
What are the prime factors of 9304?
2, 1163
List the prime factors of 7471.
31, 241
List the prime factors of 30637.
30637
List the prime factors of 7180.
2, 5, 359
What are the prime factors of 7026?
2, 3, 1171
List the prime factors of 1225.
5, 7
What are the prime factors of 3611?
23, 157
What are the prime factors of 8324?
2, 2081
List the prime factors of 319.
11, 29
List the prime factors of 507.
3, 13
List the prime factors of 11381.
19, 599
What are the prime factors of 1203?
3, 401
What are the prime factors of 603?
3, 67
What are the prime factors of 14145?
3, 5, 23, 41
List the prime factors of 1183.
7, 13
List the prime factors of 1024.
2
List the prime factors of 31428.
2, 3, 97
List the prime factors of 47423.
47, 1009
What are the prime factors of 28319?
28319
List the prime factors of 458.
2, 229
What are the prime factors of 146361?
3, 48787
What are the prime factors of 58141?
53, 1097
What are the prime factors of 4985?
5, 997
What are the prime factors of 3989?
3989
What are the prime factors of 82809?
3, 3067
List the prime factors of 3321.
3, 41
List the prime factors of 47780.
2, 5, 2389
List the prime factors of 1058.
2, 23
What are the prime factors of 29728?
2, 929
List the prime factors of 3379.
31, 109
What are the prime factors of 151165?
5, 7, 617
What are the prime factors of 133765?
5, 31, 863
What are the prime factors of 388?
2, 97
List the prime factors of 3670.
2, 5, 367
What are the prime factors of 27825?
3, 5, 7, 53
List the prime factors of 23022.
2, 3, 1279
List the prime factors of 10753.
10753
What are the prime factors of 2975?
5, 7, 17
List the prime factors of 2253.
3, 751
List the prime factors of 4725.
3, 5, 7
List the prime factors of 71805.
3, 5, 4787
List the prime factors of 112004.
2, 28001
What are the prime factors of 66836?
2, 7, 11, 31
List the prime factors of 26201.
7, 19, 197
List the prime factors of 10273.
10273
What are the prime factors of 10113?
3, 3371
What are the prime factors of 1398?
2, 3, 233
List the prime factors of 22861.
22861
List the prime factors of 1718.
2, 859
What are the prime factors of 118273?
118273
List the prime factors of 2412.
2, 3, 67
What are the prime factors of 1216?
2, 19
What are the prime factors of 2520?
2, 3, 5, 7
What are the prime factors of 6820?
2, 5, 11, 31
List the prime factors of 5488.
2, 7
What are the prime factors of 9270?
2, 3, 5, 103
What are the prime factors of 830?
2, 5, 83
List the prime factors of 64867.
11, 5897
List the prime factors of 512.
2
What are the prime factors of 5055?
3, 5, 337
What are the prime factors of 2134?
2, 11, 97
List the prime factors of 5866.
2, 7, 419
List the prime factors of 13141.
17, 773
List the prime factors of 12496.
2, 11, 71
List the prime factors of 17586.
2, 3, 977
What are the prime factors of 13370?
2, 5, 7, 191
What are the prime factors of 89589?
3, 29863
What are the prime factors of 12355?
5, 7, 353
What are the prime factors of 86763?
3, 28921
What are the prime factors of 2116?
2, 23
What are the prime factors of 81703?
81703
List the prime factors of 380.
2, 5, 19
List the prime factors of 273.
3, 7, 13
What are the prime factors of 4865?
5, 7, 139
List the prime factors of 63514.
2, 11, 2887
What are the prime factors of 669?
3, 223
List the prime factors of 5818.
2, 2909
What are the prime factors of 8305?
5, 11, 151
What are the prime factors of 34?
2, 17
What are the prime factors of 1563?
3, 521
List the prime factors of 3239.
41, 79
List the prime factors of 21550.
2, 5, 431
List the prime factors of 204247.
29, 7043
What are the prime factors of 1901?
1901
What are the prime factors of 2613?
3, 13, 67
List the prime factors of 5182.
2, 2591
What are the prime factors of 367?
367
What are the prime factors of 1706?
2, 853
List the prime factors of 1153.
1153
List the prime factors of 327.
3, 109
What are the prime factors of 5810?
2, 5, 7, 83
List the prime factors of 2013.
3, 11, 61
What are the prime factors of 1049?
1049
List the prime factors of 927.
3, 103
List the prime factors of 18838.
2, 9419
What are the prime factors of 1261?
13, 97
List the prime factors of 199.
199
What are the prime factors of 25229?
25229
List the prime factors of 3143.
7, 449
List the prime factors of 4291.
7, 613
List the prime factors of 8432.
2, 17, 31
What are the prime factors of 36?
2, 3
What are the prime factors of 65540?
2, 5, 29, 113
List the prime factors of 41214.
2, 3, 6869
List the prime factors of 1457.
31, 47
List the prime factors of 1620.
2, 3, 5
What are the prime factors of 52323?
3, 107, 163
List the prime factors of 9725.
5, 389
List the prime factors of 2.
2
What are the prime factors of 186287?
107, 1741
List the prime factors of 2814.
2, 3, 7, 67
List the prime factors of 104843.
59, 1777
What are the prime factors of 2281?
2281
List the prime factors of 56303.
13, 61, 71
What are the prime factors of 62?
2, 31
What are the prime factors of 20421?
3, 2269
List the prime factors of 22231.
11, 43, 47
What are the prime factors of 1339?
13, 103
What are the prime factors of 504?
2, 3, 7
List the prime factors of 307.
307
List the prime factors of 78933.
3, 83, 317
What are the prime factors of 2303?
7, 47
What are the prime factors of 6505?
5, 1301
List the prime factors of 4267.
17, 251
What are the prime factors of 3172?
2, 13, 61
What are the prime factors of 3473?
23, 151
What are the prime factors of 60849?
3, 6761
What are the prime factors of 12036?
2, 3, 17, 59
List the prime factors of 37596.
2, 3, 13, 241
What are the prime factors of 3492?
2, 3, 97
List the prime factors of 370.
2, 5, 37
List the prime factors of 2049.
3, 683
List the prime factors of 15246.
2, 3, 7, 11
List the prime factors of 207.
3, 23
What are the prime factors of 51579?
3, 11, 521
What are the prime factors of 13510?
2, 5, 7, 193
What are the prime factors of 29924?
2, 7481
List the prime factors of 67794.
2, 3, 11299
List the prime factors of 15563.
79, 197
List the prime factors of 10929.
3, 3643
List the prime factors of 1375.
5, 11
What are the prime factors of 1406?
2, 19, 37
List the prime factors of 76612.
2, 107, 179
List the prime factors of 9063.
3, 19, 53
What are the prime factors of 14350?
2, 5, 7, 41
List the prime factors of 1283.
1283
What are the prime factors of 674?
2, 337
What are the prime factors of 87257?
87257
What are the prime factors of 3811?
37, 103
List the prime factors of 4504.
2, 563
What are the prime factors of 95683?
7, 13669
What are the prime factors of 3970?
2, 5, 397
What are the prime factors of 19614?
2, 3, 7, 467
What are the prime factors of 5464?
2, 683
List the prime factors of 41321.
7, 5903
What are the prime factors of 17258?
2, 8629
List the prime factors of 3902.
2, 1951
What are the prime factors of 703?
19, 37
List the prime factors of 351.
3, 13
List the prime factors of 1362.
2, 3, 227
What are the prime factors of 463?
463
List the prime factors of 1157.
13, 89
List the prime factors of 2193.
3, 17, 43
List the prime factors of 5150.
2, 5, 103
List the prime factors of 25003.
11, 2273
What are the prime factors of 34633?
59, 587
List the prime factors of 4994.
2, 11, 227
What are the prime factors of 1520?
2, 5, 19
What are the prime factors of 1384?
2, 173
List the prime factors of 37.
37
List the prime factors of 6565.
5, 13, 101
What are the prime factors of 23113?
29, 797
What are the prime factors of 1462?
2, 17, 43
What are the prime factors of 5103?
3, 7
List the prime factors of 19276.
2, 61, 79
List the prime factors of 2765.
5, 7, 79
List the prime factors of 1271.
31, 41
List the prime factors of 6210.
2, 3, 5, 23
What are the prime factors of 52066?
2, 7, 3719
List the prime factors of 3339.
3, 7, 53
List the prime factors of 515.
5, 103
What are the prime factors of 14268?
2, 3, 29, 41
List the prime factors of 16792.
2, 2099
List the prime factors of 2665.
5, 13, 41
List the prime factors 